rst derivative of b**4/4 - 2*b**3 + 5*b**2/2 - 5*b + 3. Calculate z(g).
-5
Let l(z) = 8*z - 10. Let u(q) = 24*q - 6 - 9*q - 13. Let i(n) = 11*l(n) - 6*u(n). What is i(3)?
-2
Let u(j) = j**2 + 7*j + 6 + 5*j - 17*j. What is u(4)?
2
Suppose -l - 21 = -5*v, 0 = -3*v - 0 + 9. Let b(h) = -h**3 - 5*h**2 + 6*h + 6. What is b(l)?
6
Let k(l) = l**3 + 3*l**2 - 5*l - 4. Let q(i) = -2*i - 5. Let z be q(-6). Let w(a) = a**3 + a**2 - 7*a + 1. Let d be w(-3). Suppose z*v - 6*v + d = 0. Give k(v).
0
Let n(m) = -m + 4. Let g(y) = -3. Let j(s) = -4*g(s) - 3*n(s). Give j(-2).
-6
Let v(q) be the second derivative of q**3/6 - q**2 + q. Let a(x) be the first derivative of 4*x**3/3 - x**2 - x + 1. Let d be a(-1). What is v(d)?
3
Let f(v) = -4*v - 1. Suppose -5*u - 1 = -21. Suppose -k = 1 - u. Let d = -2 + k. Give f(d).
-5
Let b(n) = n**3 - 6*n**2 + n - 3. Let y(j) = j**2 + 2*j - 5. Let q be y(-4). Let h be -105 + (3 + q)/(-2). Let p be (1/3)/((-6)/h). Give b(p).
3
Suppose -2*a + 63 = a. Suppose -a + 6 = 5*n. Let t be n*(0 - (-4)/2). Let c(u) = u**3 + 7*u**2 + 6*u - 2. Calculate c(t).
-2
Let t(o) = o**2 - 6*o - 6. Suppose -3*a = -2*a - 3*c - 10, 3*a - 5*c - 18 = 0. Let h be a/((-4)/(-32)) - 2. Calculate t(h).
-6
Let j(h) be the first derivative of -h - 6 + 5 - 4 + 4 + h**2. Give j(-3).
-7
Suppose i = -3*i + 4*g + 24, 0 = -3*i - 3*g. Let s(r) = 7*r**2 + r**i + 5*r - 2 - 4*r + 6*r. Determine s(-6).
-8
Let n(i) = 6*i**2 - 12*i + 8. Let c(q) = -q**2 + q - 1. Let r(x) = 5*c(x) + n(x). Give r(8).
11
Suppose 7*m = 2*m + 45. Let s(q) = -q - m + 0*q + 0. Let i = -99 - -99. Give s(i).
-9
Let o be -5 + 3 - -1*2. Let u(h) be the first derivative of h**3/3 + 6. Determine u(o).
0
Let v(p) = 3*p + 3. Let i = 7 + -13. Give v(i).
-15
Let q be (18/(-3) + 3)/(-1). Let s(d) = q*d**3 + 23 + d + 2*d**2 - d**2 - 24. Calculate s(1).
4
Let x(d) = d**2 - 3*d - 6. Let l be x(5). Suppose -2 = l*v - 14. Let t(i) = 2 + 3*i**2 + 0 - i - v*i. Calculate t(2).
6
Let c be (12/(-15))/(2/(-5)). Let m(n) = c - 4 + 2*n**2 + 2*n + n**2 - 2*n**2. Give m(-4).
6
Let u(v) = -v**3 - 15*v**2 - v - 18. Let n be u(-15). Let s(k) = -k**3 - 3*k**2 + 3*k + 1. Determine s(n).
-8
Let x(j) = -15*j + 8. Let g(d) = -15*d + 7. Let k(h) = -7*g(h) + 6*x(h). What is k(-1)?
-16
Let q(o) = 5 + 8*o**3 - 4*o**2 + 0 - 7*o**3. Determine q(4).
5
Let k(l) = -l + 4 + 0*l - 3. Suppose 0 = 4*d - 8. Let i = 3 - d. Calculate k(i).
0
Let b(o) = -4*o**2 - 2 - 3*o + 0 - 1 + 5*o**2. Calculate b(6).
15
Let p(y) = -y**3 - 2*y**2 + y. Let c = -6 - -24. Suppose 6 = 2*i, 4*g + 4*i - c = g. Let s be g*-3*(-2)/12. Give p(s).
-2
Let l(k) = k + 3. Let p(v) = -23*v + 8. Let f be p(-8). Suppose 3*x + 171 = -o, 3*o - f = 5*x + 93. Let u be (-2)/8 - x/(-12). Give l(u).
-2
Let j = -22 + 14. Let i(k) = -k. Let r(s) = 2*s**2 - 10*s - 2. Let f(a) = j*i(a) + r(a). Calculate f(3).
10
Let k(g) = g**2 + 4*g + 4. Suppose -2*a + 12 = -4*a. Give k(a).
16
Suppose -2*y = y + 9. Suppose -5*p = 3*h - 10 - 1, -3*h + 1 = -5*p. Let r(u) = 3 + 0 - h - u. Determine r(y).
4
Let m = 8 - 6. Let g(h) be the first derivative of 2*h**2 - 2*h - 120. What is g(m)?
6
Let y(z) = 10 + 7*z**2 + z - 2*z**2 + 5*z**2 + z**3. What is y(-10)?
0
Let o(t) = 4*t. Let x be (6 - 2/1) + 2. Let z = -6 + x. Let n be (-3 - z)/((-9)/(-6)). Give o(n).
-8
Let q(d) = d**3 - 4*d**2 - 2*d - 18. Let h be q(5). Let y(m) = -4*m - 5*m**2 - 3*m**2 - m**3 - 4 + 4*m**2. Calculate y(h).
-1
Let l(w) be the first derivative of w**2/2 - 14*w + 25. Calculate l(0).
-14
Suppose 244 = 4*n + r, 2*n - 5*r - 121 = -21. Let y be (1/3)/(4/n). Let u(o) = -2*o + 4. Give u(y).
-6
Let w(t) be the first derivative of 4*t**2 - 7/3*t**3 - 1 - 9*t + 1/4*t**4. Let z be (-2)/(-9) - (-52)/9. Calculate w(z).
3
Let g(d) = -3*d - 4. Let i be (-4)/8 - (-19)/2. Let p(u) = -13*u - 15. Let q(v) = i*g(v) - 2*p(v). Let w = -3 + 3. Determine q(w).
-6
Let h be (-3)/(18/(-60)*(-5 + 0)). Let y be ((-12)/(-9))/((-2)/(-6)). Let g be h/(-4) + (-26)/y. Let x(i) = -i**2 - 8*i - 6. Calculate x(g).
6
Let q(h) = -4*h + 5. Let u(r) = 7*r - 9. Let o(z) = -10*q(z) - 6*u(z). Determine o(5).
-6
Let b(k) be the second derivative of -k**7/840 + k**6/120 + k**4/6 + k**3/2 + 2*k. Let g(q) be the second derivative of b(q). Give g(3).
4
Let y(s) = s**2 - 5*s - 8. Suppose 29 - 2 = 3*p. Let q = 4 - p. Let h be -6*(3 + q)/2. Give y(h).
-2
Let y(a) = -2*a - 2. Suppose 3*k - 6 = 6*k. What is y(k)?
2
Let b(q) = -3*q + 16. Let n be b(5). Let w(c) = 10*c. Give w(n).
10
Let s(m) = -m**3 - 4*m**2 - 2*m - 2. Let u be s(-3). Suppose z - 4*z + 6 = 0. Let y(a) = z - 4*a + 5*a - 3*a + 3*a. Calculate y(u).
-3
Let c(x) = -x**3 + 2*x**2 - 4*x + 4. Let l be c(2). Let n be 1 - 16/l - -1. Let u(b) = b**2 - 3*b - 6. What is u(n)?
12
Let h(k) = 27*k + 1 - 8*k**3 - 15*k - 10*k. Let x(z) = -z**3 - 7*z**2 - z - 8. Let d be x(-7). Calculate h(d).
7
Let s be 60/28 - 1/7. Let f(u) = -u**3 + u**2 + u. What is f(s)?
-2
Let r(o) = -2 + 2*o + 1 - 3 + 3. Determine r(3).
5
Let t(w) = -5*w - 1 + w**3 + 5 - 4*w**2 + w. Determine t(4).
-12
Let g(x) be the first derivative of x**3/3 - 3*x**2 + 4*x + 3. Determine g(5).
-1
Let j(m) = m**3 + 0 - 9*m**3 + 3*m**2 - 2*m + 7*m**3 + 3. What is j(3)?
-3
Let s(l) = l + 3. Let y be s(-4). Let i = y + 1. Suppose 6 + 3 = 2*w - 3*m, i = -w - 4*m - 12. Let f(h) = h + 4. Calculate f(w).
4
Let q(t) be the third derivative of 11*t**4/24 - 8*t**2. What is q(1)?
11
Let f(i) = -4*i + 1. Let u = -39 - -38. Determine f(u).
5
Let g = 1 - -1. Let d(k) = -k**2 + 4 + g*k**2 + 0 + k + 4*k. Give d(-4).
0
Let u(z) = z**2 - z - 7. Let b be (18/(-15))/((-9)/30). Suppose 4*l - 4 = -k, -4*l + 9 = -b*k + 25. Determine u(l).
-7
Let y(t) be the first derivative of -3 - 3/2*t**2 + 2*t - 1/3*t**3. What is y(-3)?
2
Let x(s) be the first derivative of s**4/12 - s**3/2 - 2*s**2 - 3*s + 3. Let q(w) be the first derivative of x(w). What is q(4)?
0
Let r = -118 + 123. Let o(i) = -6*i - 2. Let z(p) be the first derivative of -7*p**2/2 - 2*p + 1. Let q(v) = 6*o(v) - 5*z(v). Give q(r).
-7
Let z(d) = -d**2 + 9*d - 3. Let k(g) = g**2 - 8*g + 2. Let t(m) = 7*k(m) + 6*z(m). Determine t(5).
11
Let w(k) = 17*k**2 + k - 32. Let n(y) = 8*y**2 + y - 15. Let r(g) = 13*n(g) - 6*w(g). Calculate r(-6).
27
Let i(o) = -10*o**3 - o**2 - 2*o - 1. Let k(s) be the third derivative of s**5/60 + s**4/24 - s**3/6 - s**2. Let j be k(-1). Give i(j).
10
Let l(z) = 10*z**2 + 2*z - 22. Let n(t) = 3*t**2 - 7. Let d(m) = 2*l(m) - 7*n(m). Determine d(6).
-7
Let b(q) = -q**3 + 3*q + 3. Let g(y) = -y**2 - 9*y - 9. Let x be g(-6). Suppose -3*i = 21 - x. Let r be (i - 0)*1/2. Give b(r).
5
Let p(k) = -k**3 + 2*k**2 - 2*k - 2. Let m be (2 - 25/(-10))*(-6)/(-9). Calculate p(m).
-17
Let v(w) = -w**3 + w**2 + w + 1. Let h(k) = -4*k**3 + k**2 + 5*k. Let s(x) = -h(x) + 3*v(x). Calculate s(-3).
0
Let m(s) = -s**3 - 2*s**2 + 3*s - 1. Let x(t) = t**3 - 2*t - 1. Let h be x(3). Suppose r = 5*r - h. Suppose 2*c - r*c = 9. Calculate m(c).
-1
Let f be (1 + 2)/(1 + -2). Let c(v) = 2*v + 1. Determine c(f).
-5
Let d(b) = -9*b**2 + 10*b + 10*b**2 - 11*b. Calculate d(1).
0
Let x(k) be the second derivative of k**3/2 - 3*k**2/2 - 8*k. Let n be x(2). Let b(q) = -3*q - 3. Determine b(n).
-12
Suppose 2*v - 5 - 5 = -2*l, 20 = 3*l + 4*v. Let b(c) = 4*c**3 + c**2 + 6*c + 9. Let m(u) = -3*u**3 - u**2 - 5*u - 8. Let n(g) = 4*b(g) + 5*m(g). Calculate n(l).
-4
Let w(n) = -1 + 6*n - 10*n**2 - 12*n**2 - 5*n + 21*n**2. Suppose 3*a = -a. What is w(a)?
-1
Let l(u) be the second derivative of u**4/6 + u**3/2 - 2*u**2 - u. Let n(d) = d**3 - 7*d**2 - 6*d - 19. Let p be n(8). Give l(p).
5
Let f be (4 - 0) + 5/(-5). Let k be 3*f/9 + 1. Let w(a) be the third derivative of -a**5/60 + 5*a**4/24 - a**3/3 + a**2. Give w(k).
4
Let y(d) = d - 2. Let l(w) be the third derivative of w**4/12 - w**3/6 + w**2. Let f be l(2). Calculate y(f).
1
Let n(o) = o**3 - o**2 - o + 1. Let g(s) = -6*s**3 - s**2 + 5*s + 2. Let v(z) = g(z) + 5*n(z). Give v(-6).
7
Let v = -42 - -21. Let n be v/(-12) - 1/(-4). Let h(u) = 0*u**2 + 5 + 0*u - 4*u - u**n. What is h(-4)?
5
Let m be 1 + 7 + 16/8. Let q = 15 - m. Let x(c) = -4 - 2*c - c**2 - 3 + q. Calculate x(-3).
-5
Let z be -1 + (-112)/18 - (-16)/72. Let s(g) = g + 8. Give s(z).
1
Let s = -151 + 143. Let c(o) = -o**2 - 10*o + 5. Calculate c(s).
21
Suppos